late the remainder when h(15) is divided by 16.
9
Let j = 801 - 639. What is the remainder when j is divided by 41?
39
Let h = 11267 - 11256. Let p(f) = 7*f**2 - 4*f + 3. What is the remainder when p(2) is divided by h?
1
Suppose -2*u - 27 = -3*u. Let f(t) = 14*t + 2. Calculate the remainder when u is divided by f(1).
11
Let y be (1 + 0)*104/8. Let x = 15 - y. Suppose l - 45 = -4*g + 39, -x*l = 2*g - 198. What is the remainder when l is divided by 35?
34
Let t(o) = -o**2 + 25. Let x(w) = -1. Let y(q) = -t(q) + 6*x(q). What is the remainder when 68 is divided by y(-7)?
14
What is the remainder when 10 is divided by (1760/112 - 16) + (-65)/(-7)?
1
Suppose -2*j - j = -6. Suppose 4*f = 6 + j. Suppose 118 = f*w + 3*k + 46, -4*k = -3*w + 108. Calculate the remainder when 142 is divided by w.
34
Suppose -p = 1, -191 = 3*z - 8*z - 4*p. Suppose 0 = 3*q - 3*r - 195 + z, 4*q - 218 = 2*r. Calculate the remainder when q is divided by 30.
27
Let k(i) = i**3 + 12*i**2 + 11*i + 27. Let y be k(-11). Let l = 36 - y. Let t = 7 - 4. What is the remainder when l is divided by t?
0
Let f(o) = 36*o**2 - 3*o + 2. Let v be f(1). Suppose -6 - 4 = -2*w. Suppose 3*j = -w + v. What is the remainder when 39 is divided by j?
9
Let w(f) = f**2 + 1. Let t(j) = 10*j + 101. What is the remainder when t(-10) is divided by w(0)?
0
Let c(y) = -118*y**3 + y**2 - 8*y - 2. Calculate the remainder when c(-2) is divided by 11.
5
Suppose 2*v - 12 = -4. Suppose v*k - 4 = 2*k. Suppose -p - k*c = c - 16, p - 5*c = -16. Calculate the remainder when p is divided by 3.
1
Suppose 2*a - t + 7 = -4, t = -4*a - 19. Let y be (48/(-30))/(2/a). Calculate the remainder when (-286)/(-39)*18/y is divided by 12.
9
Let c be (-18)/(-5)*((-5 - -3) + 12). What is the remainder when c - (4 + -3 + -1) is divided by 10?
6
Let a(f) = 6*f**2 - f + 1. Suppose 466 = 4*s - 5*x, -s + 4*s = x + 344. What is the remainder when s is divided by a(-3)?
56
Suppose 146 - 86 = 5*w. Calculate the remainder when 75 is divided by w.
3
Let b = -291 - -307. Calculate the remainder when 79 is divided by b.
15
Let n(q) = -6 - 9 - 20*q + 17*q. Calculate the remainder when 103 is divided by n(-10).
13
Let v = 190 - -732. Calculate the remainder when v is divided by 22.
20
Suppose -4*p + 34 + 34 = 4*r, 0 = 2*r - 4*p - 16. Suppose 125 = 35*h - 30*h. Calculate the remainder when h is divided by r.
11
Let n(f) = -2 + 0*f + 10*f**2 + 2*f - 1 - 5*f**2. Let b(a) = -a**2 - 14*a. What is the remainder when n(-3) is divided by b(-13)?
10
Suppose -q + 3*o = 3*q - 31, -2*o = 10. Calculate the remainder when 48 is divided by 1 + (44/q - -1)*1.
9
What is the remainder when (12/(-5))/(9/(-240)) is divided by 2*-17*(-2)/4?
13
Suppose -9*f + 46 = -8*f. Let z = -28 + f. What is the remainder when 88 is divided by z?
16
Let k(g) = -g**2 + 41*g + 29. Calculate the remainder when 137 is divided by k(40).
68
Let u(g) = 7*g - 104. Let p(f) = -2*f + 35. Let n(b) = -8*p(b) - 3*u(b). Calculate the remainder when n(-6) is divided by 13.
10
Let c = -29 - -46. Let a = c - -31. Calculate the remainder when a is divided by 5.
3
Suppose i = 5*l - 2*i - 8, 0 = -2*l + 2*i. Calculate the remainder when 62 is divided by l/2*13/2.
10
Let t = 40 + -41. What is the remainder when 64 is divided by 22 + t + (-4)/(-4)?
20
Let j = -2651 + 2662. Calculate the remainder when 25 is divided by j.
3
Suppose -157 = -3*v + 5*w, 3*v - 4*w - 63 = 89. Suppose 0 = -2*j + 45 - 15. Calculate the remainder when v is divided by j.
14
Let x(g) = -g**3 - 7*g**2 - 3*g + 4. Let m = 2566 + -2443. What is the remainder when m is divided by x(-7)?
23
Suppose 0 = -2*v + 4*v. Let b(a) = -3*a + 74. What is the remainder when b(17) is divided by -3 + 15 + (1 - v)?
10
Let l be 0/(3/(-3)*(-8 - -9)). Suppose h = 3 + 2, p - h - 14 = l. Calculate the remainder when 34 is divided by p.
15
Suppose -36*a + 333 = -27*a. What is the remainder when 139 is divided by a?
28
Let k(m) = m**2 - m - 5. Let t be k(7). Suppose 5*o = l - t, -l - 3*l = 2*o - 82. What is the remainder when (-126)/8*(-4)/1 is divided by l?
19
Suppose -2*j = z + 2, 4*j = z - 5 + 37. Let v be 3 + -4 + 4 + -29. Let m = z - v. What is the remainder when 40 is divided by m?
12
Let m = -980 + 1276. What is the remainder when m is divided by 3?
2
Suppose -1146*t + 150 = -1136*t. Calculate the remainder when 42 is divided by t.
12
Suppose 2*c + 362 = 5*u, 4*u - 136 = 2*u + 3*c. What is the remainder when 509 is divided by u?
65
Let o = -27 - -31. Suppose -13*y = -o*y - 63. Let n(z) = -3*z**3 + z**2 + z. Calculate the remainder when n(-2) is divided by y.
5
Let f be 224/(-49) + (-3)/7. Let p be 15/25 - (-18)/f. What is the remainder when 51 is divided by -3*(-44)/(-36)*p?
7
Let h(p) = p**2 - 8*p + 18. Let b = 32 + -23. Calculate the remainder when h(b) is divided by 14.
13
Let m(n) = n**2 + n - 1. Let f be -1 + -3 + 7 + 142. Suppose 0*u - 5*u + f = 0. What is the remainder when u is divided by m(-4)?
7
Suppose 2*c - 70 = 7*n - 12*n, -n - 2*c + 14 = 0. Calculate the remainder when 69 is divided by n.
13
Let p(b) = 8*b + 380. Calculate the remainder when p(-41) is divided by 45.
7
Let x = -20 - -36. Let l = 16428 - 16366. What is the remainder when l is divided by x?
14
Let t(l) = 22*l + 194. What is the remainder when 213 is divided by t(-8)?
15
Let z = -266 + 383. What is the remainder when z is divided by 31?
24
Let j(n) = -29*n - 5. What is the remainder when 511 is divided by j(-1)?
7
Let d(j) = j**2 + j - 79. Let g be d(0). Let i = g - -96. Calculate the remainder when 32 is divided by i.
15
Suppose 0 = -k + z + 5, 4*z + 21 = 5*k. Suppose -5*h - 315 = -5*r, -3*h - k = -2*h. What is the remainder when 120 is divided by r?
58
Suppose 0 = -5*v + 2*k + 405, v = -k + 5*k + 81. What is the remainder when v is divided by 44?
37
Suppose -3*l - 2*l + 15 = 0. Suppose 0 = -l*p - 4*r - 0*r + 35, 3*r = -5*p + 62. Suppose 7*n - 250 = 2*n. Calculate the remainder when n is divided by p.
11
Let x(m) = m**2 + 8*m - 7. Let r be x(-9). Suppose -a = r*a - 24. What is the remainder when a is divided by (-90)/(-24)*((-26)/(-6) + -3)?
3
Suppose -3*a - 5*i = -32, -2*i + 16 + 8 = 4*a. What is the remainder when 6 is divided by a?
2
Let y(x) = -2*x - 11. Let n(g) = -3*g - 13. Let h be n(-9). Let j = h + -22. What is the remainder when 8 is divided by y(j)?
3
Calculate the remainder when 107 - (-1 + (-63)/(-7)) is divided by 51.
48
Let m(g) = -g**2 - 6*g. Let i be m(-5). Suppose -36 = 3*r - i*r. What is the remainder when r is divided by 5?
3
Suppose -1942 = 184*s - 7810 - 756. What is the remainder when s is divided by 2/7 - 89/(-7)?
10
Let l be (-2)/(-3)*1*15. Suppose 5*m = t + 31, -43 = -3*m - 3*t - l. What is the remainder when ((-4)/2)/((-1)/m) is divided by 6?
2
Suppose 2*z + 279 = 11*z. Calculate the remainder when z is divided by 11.
9
Suppose -5*v + 12 = -123. Suppose -13 = -4*r - 3*t, 4*t + 16 = -4. Calculate the remainder when v is divided by r.
6
Suppose -131 = -a + 5*l, a + 132*l - 131*l = 107. What is the remainder when 349 is divided by a?
16
Suppose 0 = -5*m - 5, -3*m + 27 = 2*s - 2*m. Let r be (-116)/(-1)*1/4. Let j = 54 - r. Calculate the remainder when j is divided by s.
11
Suppose h - 254 = -2*g, 5*g + 57*h - 52*h - 625 = 0. What is the remainder when g is divided by 22?
19
Let v(q) = -7*q - 98. What is the remainder when v(-25) is divided by 22?
11
Let b = 30 + -29. Let k be 5/b*11/11. Suppose 0 = y - h, 24 = k*y - h + 2*h. What is the remainder when 15 is divided by y?
3
Suppose 55 = 6*k - 623. Calculate the remainder when k is divided by 60.
53
Let a = 36 + -15. Let f(s) = -4*s**2 + 5*s**3 - s - 13*s**3 - s**2 + 4*s**2. Calculate the remainder when a is divided by f(-1).
5
Let u be (-10)/(-4) + 15/30. Calculate the remainder when 116 is divided by u*6/3*6/4.
8
Let l(t) = t**2 - 7*t - 12. Let w be (-18)/(-48) - ((-1395)/24)/5. What is the remainder when l(w) is divided by 15?
3
Let v(u) = -5 - 952*u**2 - 5 + 951*u**2 + 11*u. Calculate the remainder when 34 is divided by v(6).
14
Let c(n) = n**3 - 7*n**2 + 15*n + 1. What is the remainder when 64 is divided by c(5)?
12
Let x = 2 + 0. Suppose s - x*s + 6 = 0. Suppose 0 = -4*t + t + s, 4*m + 3*t - 86 = 0. What is the remainder when 37 is divided by m?
17
Let a(r) = 7*r**3 - 21*r**2 + 6*r - 4. Let u